 + 259. Give n(7).
-42
Let v(b) = -148*b**2 - 8788*b + 5518. What is v(-60)?
-2
Let v(r) = -123079*r - 4430843. What is v(-36)?
1
Let b(c) = c**3 + 258*c**2 + 346*c + 22607. Give b(-257).
-266
Let x(q) = 16*q**3 + 40*q**2 + 66*q + 25. What is x(-1)?
-17
Let w(h) = 106*h**2 - 790*h - 16. Calculate w(8).
448
Let f(a) = 16029*a + 32078. Calculate f(-2).
20
Let d(p) = -19*p**3 + 315*p**2 + 26557*p + 220. Give d(-30).
10
Let c(z) = 2*z**2 + 634*z + 16781. What is c(-29)?
77
Let c(m) = 2220*m**2 - 51043*m - 6. Determine c(23).
385
Let y(p) = -522*p - 106807. Give y(-207).
1247
Let w(l) = l**3 + 19*l**2 + 22*l + 22. What is w(-18)?
-50
Let f(n) = n**3 + 773*n**2 + 1590*n - 13. Calculate f(0).
-13
Let m(t) = -t**3 - 12*t**2 - 2417*t - 23973. Calculate m(-10).
-3
Let v(a) = -6785*a - 25. What is v(0)?
-25
Let m(o) = -21*o + 1079. Determine m(82).
-643
Let n(x) = -x**2 - 27*x + 155. Give n(-42).
-475
Let c(y) = -y**3 - 462*y**2 - 1369*y + 3664. What is c(-459)?
-8
Let h(u) = 26472*u + 79458. Give h(-3).
42
Let d(b) = -7*b**2 + 42*b - 363. Give d(9).
-552
Let f(w) = -w**2 + 237*w + 70846. Determine f(-173).
-84
Let m(l) = -2*l**2 + 2396*l - 407125. What is m(205)?
5
Let a(s) = 19*s**2 + 289*s + 391. Determine a(-13).
-155
Let p(c) = c**2 + 375*c + 31164. What is p(-251)?
40
Let m(a) = -a**2 + 221*a - 2470. Give m(12).
38
Let y(u) = 2*u**3 - 152*u**2 - 443*u + 10135. What is y(78)?
-83
Let m(d) = -2763*d + 154752. Determine m(56).
24
Let q(k) = -343*k - 55033. Calculate q(-160).
-153
Let w(i) = i**2 + 815*i + 126867. Determine w(-605).
-183
Let d(h) = -3*h**2 - 104*h - 677. Calculate d(-21).
184
Let c(r) = 29*r**2 - 116*r + 118. What is c(5)?
263
Let t(d) = -2351*d**2 + 9485*d - 29. Give t(4).
295
Let l(b) = 15*b**2 + 489*b - 3850. Give l(8).
1022
Let o(i) = 8851*i - 26339. Determine o(3).
214
Let q(i) = i**3 + 152*i**2 + 1121*i - 247. Calculate q(-8).
1
Let g(t) = -8*t**2 + 553*t + 813. Calculate g(72).
-843
Let u(l) = -35*l**2 - 995*l - 6804. Determine u(-17).
-4
Let z(f) = -f**3 + 48*f**2 - 194*f - 24. Determine z(44).
-816
Let r(g) = 2*g**3 - 6426*g**2 - 51552*g - 92. Determine r(-8).
36
Let u(q) = 2089*q - 16755. Give u(8).
-43
Let v(c) = -c**3 + 93*c**2 - 278*c + 69. Determine v(90).
-651
Let x(v) = 5*v**3 + v**2 + 111*v + 515. Calculate x(-7).
-1928
Let z(i) = 2179*i - 17. Calculate z(0).
-17
Let s(w) = -26*w**2 - 16478*w - 12665. Give s(-633).
-5
Let i(b) = -b**3 + 64*b**2 - 915*b - 186. Calculate i(22).
12
Let u(r) = 21589*r - 3670135. Calculate u(170).
-5
Let k(z) = 13*z**2 - 1393*z + 5578. What is k(4)?
214
Let z(a) = -8*a - 656. Give z(28).
-880
Let j(h) = 25*h**2 + 15*h - 469. Give j(11).
2721
Let d(p) = -6282*p - 30469. Calculate d(-5).
941
Let o(a) = -a**2 - 29*a + 1720. Give o(-58).
38
Let j(p) = -73449*p - 587522. Determine j(-8).
70
Let v(m) = -404*m**2 - 6467*m + 25. Give v(-16).
73
Let k(h) = 108*h**2 + 3541*h + 25877. Give k(-11).
-6
Let q(a) = -103607*a + 725242. Determine q(7).
-7
Let f(h) = h**2 + 15218*h - 259020. Give f(17).
-25
Let q(c) = 2*c**3 - 79*c**2 - 91*c + 2561. Calculate q(40).
521
Let x(u) = 933*u + 72778. Determine x(-78).
4
Let b(c) = -32*c**2 - 1779*c - 1781. Give b(-1).
-34
Let c(d) = -536*d - 4546. Calculate c(-12).
1886
Let y(o) = 5*o**3 - 29*o**2 + 41*o + 60. Determine y(3).
57
Let c(v) = -155*v - 1859. Give c(-17).
776
Let q(h) = 2*h**3 - 48*h**2 + 31*h - 246. Give q(22).
-1500
Let x(c) = -c**3 - 53*c**2 + 4408*c - 235. Determine x(-98).
-39
Let h(o) = 20990*o + 23. Determine h(0).
23
Let y(q) = -2*q**3 - 323*q**2 - 172*q - 982. Give y(-161).
789
Let q(g) = 2*g**2 + 130*g + 691. Calculate q(-59).
-17
Let h(f) = 151*f**3 + 429*f**2 - 69*f + 11. Give h(-3).
2
Let y(c) = 47*c**2 + 1515*c + 29. Determine y(-31).
-1769
Let v(g) = -6*g**2 + 285*g - 3204. Determine v(29).
15
Let k(t) = -203*t**2 - 565*t + 48. What is k(-3)?
-84
Let b(f) = -1286*f**2 + 11581*f - 76. Give b(9).
-13
Let n(a) = 2*a**3 + 204*a**2 - 22*a + 18710. Determine n(-103).
-242
Let d(a) = 4*a**2 - 10913*a + 419515. Determine d(39).
-8
Let f(p) = 4*p**2 - 909*p - 62084. Give f(-55).
11
Let k(p) = 3*p**3 + 1554*p**2 + 5719*p - 230791. Determine k(-514).
-5
Let c(o) = 13*o**2 - 302*o - 259. Calculate c(24).
-19
Let f(h) = 8*h**2 + 2869*h - 101276. What is f(-391)?
-7
Let q(b) = -b**3 - 112*b**2 - 2290*b + 122. Determine q(-27).
-13
Let y(f) = 3*f**2 - 1360*f - 51325. Determine y(-35).
-50
Let l(n) = 3269*n + 27835. Determine l(-9).
-1586
Let c(k) = 835*k - 6584. Determine c(8).
96
Let r(j) = -2917494*j + 17504965. Give r(6).
1
Let l(b) = -177422*b - 13661494. Determine l(-77).
0
Let k(u) = -40228*u - 1528668. Give k(-38).
-4
Let g(l) = -l**3 - 14*l**2 + 79*l + 93. What is g(-19)?
397
Let y(i) = 883*i - 6349. Determine y(7).
-168
Let g(z) = -6*z**3 - 99*z**2 - 241*z + 7. Calculate g(-3).
1
Let m(u) = u**2 + 118*u - 758. Give m(6).
-14
Let j(f) = 11591*f + 69421. Calculate j(-6).
-125
Let r(m) = 30*m**3 + 7*m**2 - 29*m - 3. What is r(1)?
5
Let y(z) = -z**2 + 492*z - 60423. Calculate y(234).
-51
Let q(o) = 974*o**2 - 98367*o - 744. What is q(101)?
-37
Let w(h) = h**2 - 20440*h + 999164. Determine w(49).
5
Let z(b) = -1242*b + 6206. Calculate z(5).
-4
Let c(a) = -a**2 + 4307*a - 627658. Give c(151).
-102
Let o(m) = m**2 - 17366*m - 504439. What is o(-29)?
16
Let z(j) = j**3 + 77*j**2 + 1798*j + 146335. What is z(-78)?
7
Let n(s) = s**3 - 47*s**2 + 555*s - 273. Calculate n(26).
-39
Let i(q) = -58019*q + 406129. Calculate i(7).
-4
Let f(j) = 24100*j + 95790. What is f(-4)?
-610
Let s(n) = 5552*n + 65761. Determine s(-12).
-863
Let i(r) = 6*r**3 - 1299*r**2 - 655*r + 809. Calculate i(217).
-59
Let j(p) = 4*p**2 + 264*p - 1343. Calculate j(-69).
-515
Let s(r) = -6486*r - 635622. Determine s(-98).
6
Let v(r) = -r**3 + 14*r**2 + 343*r + 265. Calculate v(-12).
-107
Let o(q) = 47*q**2 + 60*q - 2209. Give o(6).
-157
Let i(j) = -1252*j + 38715. What is i(31)?
-97
Let f(n) = -15*n**3 - n**2 + 15*n - 35. Calculate f(2).
-129
Let a(f) = f**3 - 48*f**2 - 281*f + 15412. Determine a(47).
-4
Let b(t) = -t**3 - 59*t**2 - 503*t + 50. Give b(-47).
-2817
Let x(h) = -6*h**3 + 186*h**2 - 197*h + 353. Give x(30).
-157
Let c(p) = p**2 - 271*p + 6241. Calculate c(21).
991
Let c(y) = -4*y**2 + 108*y - 1545. What is c(34)?
-2497
Let i(a) = -a**3 + 214*a**2 + 12267*a + 8. Give i(261).
8
Let w(n) = n**3 + 8*n**2 + 634*n + 8181. Determine w(-12).
-3
Let a(x) = -930*x - 11257. What is a(-12)?
-97
Let n(r) = 124314*r - 11188264. What is n(90)?
-4
Let y(j) = 4*j**2 - 562*j - 8618. Give y(-14).
34
Let z(i) = -20*i**3 - 1816*i**2 + 369*i + 454. Give z(-91).
-1
Let x(y) = 19360*y - 193596. What is x(10)?
4
Let m(w) = 3*w**2 - 596*w - 90. Calculate m(0).
-90
Let g(f) = -5*f**3 - 101*f**2 - 51*f - 572. Determine g(-19).
-1769
Let p(m) = -88*m**2 - 28590*m + 3248. Determine p(-325).
-2
Let h(f) = 2*f**3 - 136*f**2 + 133*f + 56. Give h(67).
-11
Let o(v) = -26*v**3 - 42*v**2 - 71*v - 178. Calculate o(-2).
4
Let f(w) = -3*w**3 - 13*w**2 + 16*w + 26. What is f(4)?
-310
Let z(x) = -x**3 - 56*x**2 - 771*x + 125. What is z(-30)?
-145
Let x(f) = -f**3 - 29*f**2 + 1335*f - 344. Calculate x(-54).
466
Let m(s) = -2808*s + 2436. Calculate m(1).
-372
Let w(s) = 266*s**2 + 480*s - 18. What is w(-2)?
86
Let n(f) = -21140*f + 84561. Give n(4).
1
Let y(w) = -381*w - 376. Calculate y(-2).
386
Let v(q) = 2*q**2 + 58*q - 555. Give v(15).
765
Let v(p) = 16838*p + 3384393. What is v(-201)?
-45
Let u(m) = -3305*m**3 + 14*m**2 + 15*m. What is u(-1)?
3304
Let t(w) = -15*w**2 - 1590*w - 7778. Calculate t(-5).
-203
Let o(j) = -j**3 - 107*j**2 + 4695*j - 39048. What is o(-142)?
2
Let c(t) = 1735388*t**2 + 2*t - 16. Determine c(0).
-16
Let b(a) = 2*a**2 - 33*a - 7056. Calculate b(62).
-1414
Let i(o) = -7*o**2 - 13026*o - 484861. What is i(-38)?
19
Let y(m) = m**3 - 13*m**2 - 18048*m - 170. What is y(-128)?
-170
Let t(v) = 77766*v + 3110640. What is t(-40)?
0
Let n(g) = 206*g**2 - 68193*g + 2327. What is n(331)?
10
Let p(d) = -280*d**2 + 4201*d + 18. What is p(15)?
33
Let o(d) = -d**2 - 68*d - 516. What is o(-37)?
631
Let h(o) = o**3 - 51*o**2 - 183*o + 1159. Determine h(54).
25
Let w(f) = 8125*f - 32510. Determine w(4).
-10
Let h(v) = 10*v**3 + 1080*v**2 + 74*v + 7979. Give h(-108).
-13
Let s(p) = p**3 + 82*p**2 + 356